ivided by 814.
560
What is the remainder when 16292 is divided by 1806?
38
Calculate the remainder when 12128 is divided by 4037.
17
Calculate the remainder when 4066 is divided by 470.
306
Calculate the remainder when 15475 is divided by 1841.
747
Calculate the remainder when 7108 is divided by 447.
403
Calculate the remainder when 3927065 is divided by 597.
596
What is the remainder when 21713 is divided by 57?
53
What is the remainder when 33021 is divided by 43?
40
Calculate the remainder when 35247 is divided by 1402.
197
Calculate the remainder when 590 is divided by 98.
2
Calculate the remainder when 48766 is divided by 10.
6
What is the remainder when 12136 is divided by 419?
404
Calculate the remainder when 11509 is divided by 60.
49
What is the remainder when 2428 is divided by 19?
15
What is the remainder when 156321 is divided by 209?
198
What is the remainder when 245675 is divided by 185?
180
Calculate the remainder when 34304 is divided by 296.
264
Calculate the remainder when 488374 is divided by 456.
454
What is the remainder when 45161 is divided by 234?
233
Calculate the remainder when 4289 is divided by 1537.
1215
What is the remainder when 8879 is divided by 40?
39
What is the remainder when 157236 is divided by 142?
42
Calculate the remainder when 20870 is divided by 6920.
110
Calculate the remainder when 717590 is divided by 31.
2
Calculate the remainder when 187399 is divided by 2179.
5
What is the remainder when 15026 is divided by 7473?
80
What is the remainder when 571 is divided by 24?
19
Calculate the remainder when 2613 is divided by 11.
6
What is the remainder when 12645 is divided by 632?
5
Calculate the remainder when 5119 is divided by 270.
259
Calculate the remainder when 154857 is divided by 348.
345
Calculate the remainder when 3154 is divided by 52.
34
Calculate the remainder when 868 is divided by 103.
44
Calculate the remainder when 231153 is divided by 7.
6
Calculate the remainder when 6748 is divided by 62.
52
What is the remainder when 2809628 is divided by 1567?
1564
What is the remainder when 19888 is divided by 19561?
327
Calculate the remainder when 10430 is divided by 18.
8
Calculate the remainder when 5180 is divided by 521.
491
Calculate the remainder when 1783 is divided by 556.
115
Calculate the remainder when 213397 is divided by 25.
22
What is the remainder when 3035 is divided by 25?
10
What is the remainder when 12142 is divided by 80?
62
Calculate the remainder when 9696 is divided by 4848.
0
What is the remainder when 126961 is divided by 199?
198
Calculate the remainder when 72524 is divided by 9061.
36
What is the remainder when 260568 is divided by 10?
8
Calculate the remainder when 2819 is divided by 42.
5
Calculate the remainder when 57110 is divided by 88.
86
Calculate the remainder when 40152 is divided by 1380.
132
What is the remainder when 5407 is divided by 1318?
135
What is the remainder when 1714 is divided by 244?
6
Calculate the remainder when 21197 is divided by 5290.
37
What is the remainder when 3771 is divided by 845?
391
What is the remainder when 12847 is divided by 63?
58
Calculate the remainder when 183068 is divided by 47.
3
Calculate the remainder when 2030 is divided by 489.
74
Calculate the remainder when 147444 is divided by 127.
124
What is the remainder when 293213 is divided by 224?
221
What is the remainder when 251290 is divided by 397?
386
Calculate the remainder when 38 is divided by 10.
8
Calculate the remainder when 8689 is divided by 1082.
33
Calculate the remainder when 75587 is divided by 88.
83
Calculate the remainder when 2121040 is divided by 241.
240
What is the remainder when 7692 is divided by 16?
12
What is the remainder when 851049 is divided by 182?
17
What is the remainder when 67616 is divided by 5?
1
What is the remainder when 157063 is divided by 14?
11
What is the remainder when 5356 is divided by 1334?
20
What is the remainder when 89409 is divided by 362?
357
What is the remainder when 942 is divided by 146?
66
Calculate the remainder when 14605 is divided by 247.
32
Calculate the remainder when 2160 is divided by 670.
150
What is the remainder when 309957 is divided by 1107?
1104
What is the remainder when 28190 is divided by 9395?
5
What is the remainder when 3384 is divided by 550?
84
What is the remainder when 2242 is divided by 494?
266
Calculate the remainder when 1163255 is divided by 35.
30
What is the remainder when 2936 is divided by 50?
36
What is the remainder when 148857 is divided by 2290?
7
Calculate the remainder when 8308 is divided by 67.
0
Calculate the remainder when 97537 is divided by 61.
59
What is the remainder when 3120 is divided by 16?
0
Calculate the remainder when 12041 is divided by 8.
1
Calculate the remainder when 823 is divided by 76.
63
Calculate the remainder when 42381 is divided by 8473.
16
What is the remainder when 4041 is divided by 33?
15
What is the remainder when 229677 is divided by 11483?
17
What is the remainder when 192173 is divided by 12808?
53
Calculate the remainder when 31772 is divided by 3175.
22
What is the remainder when 6961 is divided by 54?
49
What is the remainder when 8604 is divided by 398?
246
What is the remainder when 621 is divided by 231?
159
What is the remainder when 68886 is divided by 50?
36
What is the remainder when 102733 is divided by 287?
274
What is the remainder when 44198 is divided by 159?
155
Calculate the remainder when 14898 is divided by 515.
478
Calculate the remainder when 7192 is divided by 21.
10
Calculate the remainder when 7809 is divided by 18.
15
What is the remainder when 70905 is divided by 35446?
13
What is the remainder when 8977 is divided by 68?
1
Calculate the remainder when 7382 is divided by 199.
19
What is the remainder when 5510 is divided by 2?
0
Calculate the remainder when 8296 is divided by 133.
50
Calculate the remainder when 18765 is divided by 18749.
16
Calculate the remainder when 6563 is divided by 110.
73
What is the remainder when 27382 is divided by 163?
161
Calculate the remainder when 7823 is divided by 190.
33
Calculate the remainder when 4400 is divided by 179.
104
What is the remainder when 253078 is divided by 18?
16
What is the remainder when 27158 is divided by 8953?
299
Calculate the remainder when 4727 is divided by 18.
11
What is the remainder when 12138 is divided by 10?
8
Calculate the remainder when 337 is divided by 121.
95
What is the remainder when 3762 is divided by 1846?
70
Calculate the remainder when 68919 is divided by 594.
15
Calculate the remainder when 21449 is divided by 21441.
8
What is the remainder when 2123 is divided by 67?
46
What is the remainder when 80137 is divided by 722?
717
Calculate the remainder when 14553 is divided by 107.
1
Calculate the remainder when 2389 is divided by 243.
202
Calculate the remainder when 19630 is divided by 856.
798
Calculate the remainder when 27744 is divided by 28.
24
Calculate the remainder when 22110 is divided by 40.
30
What is the remainder when 57890 is divided by 19295?
5
Calculate the remainder when 65045 is divided by 1275.
20
What is the remainder when 722 is divided by 701?
21
Calculate the remainder when 7600 is divided by 6.
4
Calculate the remainder when 1108726 is divided by 329.
325
What is the remainder when 424629 is divided by 141527?
48
Calculate the remainder when 5092 is divided by 21.
10
What is the remainder when 392476 is divided by 30?
16
Calculate the remainder when 6198709 is divided by 85.
84
Calculate the remainder when 106978 is divided by 493.
490
Calculate the remainder when 14066 is divided by 4675.
41
What is the remainder when 3368 is divided by 657?
83
Calculate the remainder when 1177 is divided by 10.
7
Calculate the remainder when 5175 is divided by 5167.
8
Calculate the remainder when 1147 is divided by 1036.
111
What is the remainder when 1421 is divided by 624?
173
Calculate the remainder when 132681 is divided by 135.
111
What is the remainder when 644 is divided by 330?
314
Calculate the remainder when 5396 is divided by 72.
68
Calculate the remainder when 20501 is divided by 29.
27
Calculate the remainder when 594905 is divided by 931.
927
What is the remainder when 76603 is divided by 2127?
31
What is 